{"id":81,"date":"2016-03-22T16:25:00","date_gmt":"2016-03-22T15:25:00","guid":{"rendered":"http:\/\/domainepartagegillesberlioz.fr\/?page_id=81"},"modified":"2023-02-17T13:22:18","modified_gmt":"2023-02-17T12:22:18","slug":"le-domaine-partage-2","status":"publish","type":"page","link":"https:\/\/domainepartagegillesberlioz.fr\/","title":{"rendered":"Le Domaine partag\u00e9"},"content":{"rendered":"<p>Nous avons cr\u00e9\u00e9 ce petit Domaine en <strong>1990<\/strong>. Neuf ans plus tard, nous entamions une conversion en <strong>agriculture biologique<\/strong>, puis en <strong>biodynamie<\/strong>, avec un fort attachement aux <strong>forces de l\u2019intention<\/strong>.<\/p>\n<p>Nos efforts s\u2019orientent vers un travail au plus pr\u00e8s de la r\u00e9sonance de la nature pour une <strong>agriculture vivante, durable et solidaire<\/strong>.<\/p>\n<p>Nous ne cessons de nous remettre en question sur nos pratiques culturales et puisons, notre <strong>force de vie<\/strong> dans notre <strong>\u00e9ducation au travail<\/strong>, mais aussi dans la richesse de nos <strong>rencontres humaines<\/strong> et dans l\u2019<strong>engagement<\/strong> des personnes qui nous accompagnent.<br \/>Ces interactions, essentielles pour nous,\u00a0 se fondent sur les \u00e9changes d\u2019id\u00e9es, la curiosit\u00e9, la confiance r\u00e9ciproque et la rigueur : nous avons ainsi renomm\u00e9 l&rsquo;exploitation \u00ab <strong>Domaine partag\u00e9<\/strong>\u00a0\u00bb.<\/p>\n<p><em>Christine &amp; Gilles<\/em><\/p>\n\n\n<ul class=\"is-layout-flex wp-block-social-links\">\n\n<\/ul>\n","protected":false},"excerpt":{"rendered":"<p>Nous avons cr\u00e9\u00e9 ce petit Domaine en 1990. Neuf ans plus tard, nous entamions une conversion en agriculture biologique, puis en biodynamie, avec un fort attachement aux forces de l\u2019intention. Nos efforts s\u2019orientent vers un travail au plus pr\u00e8s de la r\u00e9sonance de la nature pour une agriculture vivante, durable et solidaire. Nous ne cessons &hellip; <\/p>\n<p class=\"link-more\"><a href=\"https:\/\/domainepartagegillesberlioz.fr\/\" class=\"more-link\">Lire la suite de<span class=\"screen-reader-text\">\u00ab\u00a0Le Domaine partag\u00e9\u00a0\u00bb<\/span><\/a><\/p>\n","protected":false},"author":1,"featured_media":337,"parent":0,"menu_order":0,"comment_status":"closed","ping_status":"closed","template":"","meta":[],"featured_media_urls":{"thumbnail":["https:\/\/domainepartagegillesberlioz.fr\/wp-content\/uploads\/2017\/06\/cropped-DPGBERLIOZ-6604a-150x150.jpg",150,150,true],"medium":["https:\/\/domainepartagegillesberlioz.fr\/wp-content\/uploads\/2017\/06\/cropped-DPGBERLIOZ-6604a-300x100.jpg",300,100,true],"medium_large":["https:\/\/domainepartagegillesberlioz.fr\/wp-content\/uploads\/2017\/06\/cropped-DPGBERLIOZ-6604a-768x256.jpg",768,256,true],"large":["https:\/\/domainepartagegillesberlioz.fr\/wp-content\/uploads\/2017\/06\/cropped-DPGBERLIOZ-6604a-1024x341.jpg",950,316,true],"1536x1536":["https:\/\/domainepartagegillesberlioz.fr\/wp-content\/uploads\/2017\/06\/cropped-DPGBERLIOZ-6604a.jpg",1280,426,false],"2048x2048":["https:\/\/domainepartagegillesberlioz.fr\/wp-content\/uploads\/2017\/06\/cropped-DPGBERLIOZ-6604a.jpg",1280,426,false],"inspiro-featured-image":["https:\/\/domainepartagegillesberlioz.fr\/wp-content\/uploads\/2017\/06\/cropped-DPGBERLIOZ-6604a.jpg",1280,426,false],"inspiro-loop":["https:\/\/domainepartagegillesberlioz.fr\/wp-content\/uploads\/2017\/06\/cropped-DPGBERLIOZ-6604a.jpg",950,316,false],"inspiro-loop@2x":["https:\/\/domainepartagegillesberlioz.fr\/wp-content\/uploads\/2017\/06\/cropped-DPGBERLIOZ-6604a.jpg",1280,426,false],"portfolio_item-thumbnail":["https:\/\/domainepartagegillesberlioz.fr\/wp-content\/uploads\/2017\/06\/cropped-DPGBERLIOZ-6604a.jpg",600,200,false],"portfolio_item-masonry":["https:\/\/domainepartagegillesberlioz.fr\/wp-content\/uploads\/2017\/06\/cropped-DPGBERLIOZ-6604a.jpg",600,200,false],"portfolio_item-thumbnail_cinema":["https:\/\/domainepartagegillesberlioz.fr\/wp-content\/uploads\/2017\/06\/cropped-DPGBERLIOZ-6604a.jpg",800,266,false],"portfolio_item-thumbnail_portrait":["https:\/\/domainepartagegillesberlioz.fr\/wp-content\/uploads\/2017\/06\/cropped-DPGBERLIOZ-6604a.jpg",600,200,false],"portfolio_item-thumbnail_square":["https:\/\/domainepartagegillesberlioz.fr\/wp-content\/uploads\/2017\/06\/cropped-DPGBERLIOZ-6604a.jpg",800,266,false]},"_links":{"self":[{"href":"https:\/\/domainepartagegillesberlioz.fr\/index.php\/wp-json\/wp\/v2\/pages\/81"}],"collection":[{"href":"https:\/\/domainepartagegillesberlioz.fr\/index.php\/wp-json\/wp\/v2\/pages"}],"about":[{"href":"https:\/\/domainepartagegillesberlioz.fr\/index.php\/wp-json\/wp\/v2\/types\/page"}],"author":[{"embeddable":true,"href":"https:\/\/domainepartagegillesberlioz.fr\/index.php\/wp-json\/wp\/v2\/users\/1"}],"replies":[{"embeddable":true,"href":"https:\/\/domainepartagegillesberlioz.fr\/index.php\/wp-json\/wp\/v2\/comments?post=81"}],"version-history":[{"count":6,"href":"https:\/\/domainepartagegillesberlioz.fr\/index.php\/wp-json\/wp\/v2\/pages\/81\/revisions"}],"predecessor-version":[{"id":3085,"href":"https:\/\/domainepartagegillesberlioz.fr\/index.php\/wp-json\/wp\/v2\/pages\/81\/revisions\/3085"}],"wp:featuredmedia":[{"embeddable":true,"href":"https:\/\/domainepartagegillesberlioz.fr\/index.php\/wp-json\/wp\/v2\/media\/337"}],"wp:attachment":[{"href":"https:\/\/domainepartagegillesberlioz.fr\/index.php\/wp-json\/wp\/v2\/media?parent=81"}],"curies":[{"name":"wp","href":"https:\/\/api.w.org\/{rel}","templated":true}]}}